r when t is divided by ((-49)/21)/(1/(-3))?
6
Let l be (-3 + 13)/((-2)/2). Let b = -364 - -393. What is the remainder when b is divided by (8/l)/((-4)/50)?
9
Suppose -1 = 3*n - 2*d - 47, 4*n + 5*d = 23. Suppose 867 = 5*u + 92. What is the remainder when u is divided by n?
11
Suppose -2*l = -5*l + 72. Suppose 26*b - 21 = -2*h + 27*b, -42 = -h + 5*b. What is the remainder when l is divided by h?
3
Suppose 4*d + 15 = -1. Let c be (d/(-16))/((-3)/(-12)). What is the remainder when ((-24)/(-6))/(1/c) is divided by 2?
0
Let t(m) = m**2 + 32*m - 818. Let b be (-1 - 2/(-1)) + 13. Calculate the remainder when 830/b - (-2)/(-7) is divided by t(-49).
14
Let c = 126 + -74. Suppose 1886 + 2143 = 21*k - 297. Calculate the remainder when k is divided by c.
50
Let z(r) be the second derivative of r**4/12 + r**3/6 + 5*r**2 + 11*r. What is the remainder when z(-5) is divided by 8?
6
Let t(c) = -25*c + 215. What is the remainder when t(-4) is divided by 54?
45
Suppose 0 = 5*c + t - 568, 2*c + 4*t + 126 = 346. Calculate the remainder when c is divided by 59.
55
Suppose 5*o - 4*r - 269 = 0, -2*r - 4 = -2. Suppose -4*z = -2*z + 5*m - 53, 5*m - 91 = -4*z. What is the remainder when o is divided by z?
15
Suppose 18 = 10*x - 82. Let l = 23 + -18. What is the remainder when x is divided by l?
0
Suppose 0 = 5*d + 7 - 87. What is the remainder when (-3)/6 - (-375)/6 is divided by d?
14
Let v(a) = -a**3 - 4*a**2 + 14*a - 9. What is the remainder when v(-7) is divided by 14?
12
Suppose -4*c = -2*o - 2*c, 12 = 3*c. Let s be o/16 - 21/(-12). Suppose s*i + 5*t - 89 = 6*t, 2*t + 2 = 0. What is the remainder when i is divided by 23?
21
Let h be (-2)/(8/(-28)) - 4. Suppose -26 = -2*v - h*y, -3*y + 8 - 2 = 0. Calculate the remainder when 16 is divided by v.
6
Suppose -184 = -2*z - 32. Calculate the remainder when 151 is divided by z.
75
Let d(g) = -131*g**3 + g**2 - g - 1. Calculate the remainder when d(-1) is divided by 22.
0
Suppose -2*w = -3*b + w + 276, -424 = -5*b - 4*w. What is the remainder when b is divided by 32?
24
Suppose 2*p - 4*k - 6 = 0, -k - 8 + 3 = 3*p. Let q be (9 + p)*1 - 3. Suppose 5*w - 55 = 5*o, 43 + 2 = 4*w - q*o. What is the remainder when w is divided by 7?
3
Suppose -4*p + 3*p - 94 = 0. Let z(g) = 2*g**3 - 3*g**2 - 5*g - 10. Let s be z(5). Let j = p + s. Calculate the remainder when j is divided by 12.
10
Suppose -3*l - 3*c - 65 = -8*l, -65 = -5*l + 5*c. Let j = 27 + -2. Calculate the remainder when j is divided by l.
12
What is the remainder when (12/9)/(20/150) is divided by 10?
0
Let f be 5 + -34 + 0 - -3. What is the remainder when 36 is divided by 9/1 - (f + 31)?
0
Let t = 1330 - 1317. Suppose 53 = 5*l - 37. Suppose 0 = -4*x + 78 + l. Calculate the remainder when x is divided by t.
11
Let z(w) = -w - 7. Let a be z(4). Let t = 11 + a. Suppose -5*n + 10*n - 5 = t. What is the remainder when 1 is divided by n?
0
Let g(x) = -35*x + 1. Suppose -3*i = -2*s + 2*i + 11, 4*s - 4*i = 16. Suppose 0 = -2*d + 1 - s. What is the remainder when g(d) is divided by 10?
6
Let n(a) = -a**3 + 0*a - 6*a**2 - 3*a + 4*a - 7. Let q be n(-6). Let y = q + 22. What is the remainder when 26 is divided by y?
8
Suppose -5*x = -2*h + 7*h - 185, -x + 46 = -2*h. Calculate the remainder when 112 is divided by x.
32
Suppose 5*k = -3*s + 208, -5*k - s + 158 + 58 = 0. What is the remainder when k is divided by ((1 - -2)/12)/((-2)/(-96))?
8
Suppose 4*q + 4*o - 59 = 5*o, -12 = 4*o. What is the remainder when 46 is divided by q?
4
Let y be 3 - (0 + 2)*1. Calculate the remainder when 61 is divided by (y + 20)*(-9 - -10).
19
Suppose 3*t + 1 = 13. Suppose -7*x = -t*x - 12. Suppose -4*i + 102 = -p, x*i - 5*p = -35 + 145. Calculate the remainder when i is divided by 9.
7
Let p(q) = -47*q**3 - 3*q**2 - 26*q - 12. Calculate the remainder when p(-3) is divided by 32.
28
Calculate the remainder when 10/(-55) - (-1170)/22 is divided by 7.
4
Let c(b) = 2*b. Let m(k) = 1. Let u(p) = -c(p) - 3*m(p). Let o be u(-3). Suppose 4*j = -16, o*j - 4 = 4*t - 52. What is the remainder when 16 is divided by t?
7
Let a(b) = 5*b - 20. Let i(t) = -t. Let y(n) = a(n) + 4*i(n). Let h be y(9). What is the remainder when 21 is divided by (2/6)/(h/(-264))?
5
Suppose -4*z + 25 = 3*j, -z - z = -j - 5. Suppose 20 = 5*n - 5*p, n - 2*p - 8 = -3*p. What is the remainder when n is divided by j?
0
What is the remainder when 84 is divided by 35*((-250)/(-35) + -7)?
4
Let v = 272 - 124. Let p = -93 + v. What is the remainder when p is divided by 19?
17
Suppose -9*s + 6*s + 607 = 5*w, -w = 4*s - 135. Calculate the remainder when w is divided by 63.
56
Suppose -7*f + 402 = -f. Let g = 70 - f. Calculate the remainder when g is divided by 1.
0
Let r(z) = z**2 - 10*z + 150. Calculate the remainder when r(0) is divided by 100.
50
Let r(v) = 0*v**3 + v**3 - 11*v**2 + 10*v**2 - 1 - 13*v**2 + 2*v. Let a be r(14). Suppose 20*l = 23*l - a. Calculate the remainder when 25 is divided by l.
7
Calculate the remainder when 221 is divided by (-3*1)/((-47)/705).
41
Let m(z) = 3*z - 13. Let l be m(10). Suppose -4*y + 4*p = -36 - 28, 0 = 2*y + p - l. Calculate the remainder when 25 is divided by y + (-7 - -1)/3.
7
Let m be (-8)/20*-10 - 1. Suppose 0 = -2*w + 5*k + 34, -5*k + 56 = m*w - 45. What is the remainder when w is divided by 5?
2
Suppose 10*v + 5 = 11*v. Suppose 0 = -2*b + 5*m + 22, -5*m - 31 = -v*b - 6. What is the remainder when 11 is divided by b/(14/(-5) - -3)?
1
Let g = -839 - -871. Calculate the remainder when 767 is divided by g.
31
Suppose -x + 2 - 3 = 5*d, -5*x + 3*d + 107 = 0. Calculate the remainder when 72 is divided by x.
15
What is the remainder when 3 - 13 - -6 - -324 is divided by 36?
32
Let p(a) = -a**3 + 38*a**2 - 71*a + 7. Calculate the remainder when p(36) is divided by 10.
3
Let m = -13 - -19. Suppose -m*j + j = -85. Let d(r) = -5*r - 16. What is the remainder when j is divided by d(-5)?
8
Let a = 6 + -12. Let v = a + -228. What is the remainder when v/(-14) + (-22)/(-77) is divided by 3?
2
Let d be (-1 + 2)*((59 - 0) + -2). Let p = d + -21. Calculate the remainder when 69 is divided by p.
33
Let m(g) = -9*g - 1. Suppose -17*o + 22*o = -v + 155, o = 4*v + 31. What is the remainder when o is divided by m(-1)?
7
Suppose -f + 3*f - 84 = -3*p, -2*f = 0. Suppose 0 = -24*c + 25*c + p. Let h = c + 48. Calculate the remainder when 59 is divided by h.
19
Let j = -29 - -181. What is the remainder when j is divided by 31?
28
Suppose 0 = 5*a + 21*a - 1326. What is the remainder when 106 is divided by a?
4
Suppose -4*h + 0*j + 456 = 4*j, h - 118 = j. Let o = -75 + h. What is the remainder when o is divided by 12?
5
Suppose 0 = 5*l + 8 - 43. Suppose -61 = -l*s + 30. Calculate the remainder when 64 is divided by s.
12
Let f(m) = 0*m - 17 - 3*m**3 - 3*m**3 - 8*m + 7*m**3 - 9*m**2. Let o be f(10). Calculate the remainder when 451/33 - 2/o is divided by 4.
1
Suppose 0 = 2*g + 396 - 402, 5*p - 2*g = 9. Suppose 2*v - 4 - 16 = 0. What is the remainder when v is divided by p?
1
Let c(z) = -z**3 + 8*z**2 - 7*z. Let j be c(7). Suppose j = -8*q + 101 - 5. What is the remainder when 40 is divided by q?
4
Let h(c) = 5*c**3 + 7*c**2 - 13*c + 5. Calculate the remainder when 203 is divided by h(2).
15
Let h = -25 - -30. Suppose h*w = w + 24. Suppose -2*r - n + w = -3, r - n = 3. What is the remainder when 15 is divided by r?
3
Let p = -21 + 40. Let s be (0 + 1 + -31)*16/(-6). Calculate the remainder when 5700/s + (6/(-8))/(-1) is divided by p.
15
Let y(u) = 3*u - 57. Let h be (-24)/(-10) - (-2)/(-5). Suppose -3*v + 5*t = 8, -h*t + 2 = -4*v + 10. Calculate the remainder when y(24) is divided by v.
3
Let o(x) = -x + 36. Suppose 4*q - 9*q + 72 = 4*j, 4*q - 54 = -3*j. Calculate the remainder when o(j) is divided by 7.
4
Let t = 8 + -5. Suppose -t*s - 6 = 0, 2*s - 106 = -5*w + 165. Let x(z) = 7*z - 56. What is the remainder when w is divided by x(10)?
13
What is the remainder when 124 is divided by ((2*-8)/(10/40))/(-1)?
60
Suppose 9 = -4*t + 37. Let o = 200 + -192. What is the remainder when o is divided by t?
1
Suppose -11*j + 12*j = 2. Let i be j/(-1 + (-108)/(-100)). Suppose -2*k + 4*p - 3 = -i, 2 = p. Calculate the remainder when k is divided by 4.
3
Suppose 16*m - 249 = 791. Calculate the remainder when m is divided by 27.
11
Suppose -2*t + i = -